Does 80 divide 862?
False
Is 9889 a multiple of 49?
False
Is 13674 a multiple of 76?
False
Is 30 a factor of 44730?
True
Is 26 a factor of 546?
True
Is 4 a factor of 6024?
True
Does 10 divide 710?
True
Is 14 a multiple of 7?
True
Is 16 a factor of 37543?
False
Is 37 a factor of 2114?
False
Is 105 a factor of 4305?
True
Is 2337 a multiple of 41?
True
Does 11 divide 4866?
False
Does 32 divide 401?
False
Is 948 a multiple of 25?
False
Does 247 divide 22724?
True
Does 13 divide 98732?
False
Does 322 divide 75903?
False
Is 146 a factor of 584?
True
Is 818 a multiple of 6?
False
Does 26 divide 36478?
True
Does 31 divide 496?
True
Is 1908 a multiple of 9?
True
Is 3 a factor of 71?
False
Does 10 divide 2290?
True
Is 13 a factor of 11310?
True
Is 87 a factor of 9330?
False
Is 28 a factor of 868?
True
Does 25 divide 655?
False
Is 20 a factor of 340?
True
Is 286 a multiple of 11?
True
Is 29648 a multiple of 17?
True
Does 7 divide 1281?
True
Is 39 a factor of 21801?
True
Is 24 a factor of 285?
False
Is 1484 a multiple of 65?
False
Does 18 divide 276?
False
Is 115 a factor of 85437?
False
Is 70767 a multiple of 30?
False
Does 96 divide 550?
False
Is 512 a multiple of 8?
True
Is 650 a multiple of 5?
True
Does 80 divide 8480?
True
Is 56 a factor of 45850?
False
Is 306 a multiple of 17?
True
Does 8 divide 200?
True
Does 15 divide 25121?
False
Does 11 divide 330?
True
Does 46 divide 23509?
False
Is 1225 a multiple of 25?
True
Does 3 divide 1095?
True
Does 12 divide 2935?
False
Is 39 a factor of 472?
False
Is 2680 a multiple of 13?
False
Is 242 a factor of 11294?
False
Is 64 a factor of 198?
False
Does 3 divide 296?
False
Does 38 divide 90060?
True
Is 31 a factor of 775?
True
Is 47 a factor of 647?
False
Is 179 a factor of 35468?
False
Is 11178 a multiple of 126?
False
Does 24 divide 210?
False
Is 12876 a multiple of 87?
True
Is 1484 a multiple of 71?
False
Is 64 a multiple of 16?
True
Is 48 a factor of 114495?
False
Does 13 divide 946?
False
Does 4 divide 824?
True
Is 16 a factor of 113280?
True
Does 7 divide 9642?
False
Is 19 a factor of 222?
False
Is 421 a multiple of 108?
False
Does 20 divide 140?
True
Is 4 a factor of 13932?
True
Does 10 divide 2570?
True
Does 104 divide 5054?
False
Does 3 divide 90?
True
Is 72 a multiple of 8?
True
Is 122 a factor of 56939?
False
Is 21 a factor of 1704?
False
Is 11580 a multiple of 60?
True
Is 8 a factor of 448?
True
Does 4 divide 172?
True
Is 424 a multiple of 38?
False
Is 390 a multiple of 26?
True
Is 3272 a multiple of 8?
True
Is 7332 a multiple of 141?
True
Does 14 divide 36610?
True
Is 175 a factor of 20536?
False
Is 4227 a multiple of 32?
False
Is 72 a factor of 18997?
False
Is 1924 a multiple of 52?
True
Is 64 a factor of 12612?
False
Does 6 divide 425?
False
Is 5 a factor of 900?
True
Is 203 a multiple of 2?
False
Is 27 a factor of 20817?
True
Is 8988 a multiple of 12?
True
Is 18 even?
True
Does 55 divide 624?
False
Is 304 a multiple of 33?
False
Does 4 divide 9?
False
Does 20 divide 15660?
True
Is 55 a factor of 7315?
True
Is 16 a factor of 1776?
True
Is 478 a multiple of 32?
False
Is 924 a multiple of 44?
True
Does 13 divide 13?
True
Does 8 divide 2124?
False
Is 10068 a multiple of 3?
True
Is 4184 even?
True
Is 2562 a multiple of 61?
True
Does 17 divide 229?
False
Does 57 divide 2280?
True
Is 33 a factor of 1173?
False
Is 8907 a multiple of 120?
False
Is 11 a factor of 1973?
False
Does 17 divide 8653?
True
Is 559 a multiple of 6?
False
Does 106 divide 805?
False
Is 16 a factor of 6688?
True
Is 11 a factor of 3270?
False
Does 6 divide 14131?
False
Is 5943 a multiple of 12?
False
Is 280 a multiple of 5?
True
Is 15650 a multiple of 56?
False
Does 24 divide 5132?
False
Does 12 divide 10527?
False
Is 24 a factor of 13224?
True
Is 39 a factor of 17667?
True
Is 960 a multiple of 32?
True
Is 4 a factor of 61?
False
Is 25708 a multiple of 18?
False
Is 3 a factor of 16773?
True
Is 134 a factor of 37922?
True
Is 17 a factor of 16254?
False
Does 8 divide 7363?
False
Is 1517 a multiple of 41?
True
Is 53 a factor of 11370?
False
Is 8 a factor of 424?
True
Is 21 a factor of 3444?
True
Is 7 a factor of 538?
False
Is 38 a factor of 228?
True
Is 612 a multiple of 4?
True
Is 4868 a multiple of 24?
False
Is 16 a factor of 4268?
False
Is 2480 a multiple of 14?
False
Is 4318 even?
True
Is 5 a factor of 21?
False
Does 9 divide 36678?
False
Is 1149 a multiple of 62?
False
Is 25 a factor of 2050?
True
Is 14055 a multiple of 16?
False
Does 2 divide 1233?
False
Is 2967 a multiple of 17?
False
Is 135 a factor of 5400?
True
Is 52 a factor of 5044?
True
Is 182 a factor of 30707?
False
Does 23 divide 13064?
True
Is 41944 a multiple of 107?
True
Is 4200 a multiple of 6?
True
Does 84 divide 37968?
True
Is 122096 a multiple of 208?
True
Is 4852 a multiple of 5?
False
Is 11 a factor of 906?
False
Is 2016 a multiple of 21?
True
Is 16 a factor of 470?
False
Does 30 divide 1404?
False
Is 13587 a multiple of 21?
True
Is 16002 a multiple of 20?
False
Is 1091 a multiple of 33?
False
Is 51150 a multiple of 330?
True
Does 329 divide 58762?
False
Is 1314 a multiple of 12?
False
Is 35 a factor of 2297?
False
Is 32100 a multiple of 15?
True
Is 11748 a multiple of 33?
True
Does 82 divide 6814?
False
Is 81 a factor of 116947?
False
Is 111 a factor of 19073?
False
Does 12 divide 33453?
False
Is 6 a factor of 119?
False
Is 750 a multiple of 50?
True
Is 17242 a multiple of 8?
False
Is 16 a factor of 992?
True
Is 3612 a multiple of 28?
True
Is 3 a factor of 321?
True
Is 16095 a multiple of 16?
False
Is 273 a multiple of 4?
False
Is 70 a factor of 3920?
True
Is 66 a factor of 6116?
False
Is 23 a factor of 690?
True
Is 1626 a multiple of 2?
True
Is 3 a factor of 477?
True
Is 13830 a multiple of 203?
False
Is 183 a factor of 26901?
True
Is 58 a factor of 594?
False
Does 2 divide 1807?
False
Is 4 a factor of 32?
True
Is 3549 a multiple of 39?
True
Does 53 divide 53?
True
Does 8 divide 787?
False
Does 37 divide 34093?
False
Is 612 a multiple of 51?
True
Does 11 divide 1816?
False
Is 29 a factor of 3377?
False
Does 4 divide 20089?
False
Is 4 a factor of 501?
False
Is 2 a factor of 573?
False
Does 43 divide 540?
False
Does 267 divide 22962?
True
Is 26 a factor of 390?
True
Is 1069 a multiple of 33?
False
Is 17159 a multiple of 9?
False
Is 3660 a multiple of 20?
True
Is 46 a factor of 171?
False
Does 31 divide 806?
True
Is 28 a factor of 20244?
True
Is 1071 a multiple of 2?
False
Is 27438 a multiple of 173?
False
Is 560 a multiple of 9?
False
Does 47 divide 4258?
False
Does 7 divide 3059?
True
Is 205 a multiple of 10?
False
Does 9 divide 1661?
False
Is 20 a factor of 2280?
True
Is 26518 a multiple of 211?
False
Is 69331 a multiple of 5?
False
Is 86 a factor of 212?
False
Is 18 a factor of 16054?
False
Does 26 divide 1674?
False
Is 25802 a multiple of 133?
True
Does 27 divide 4887?
True
Does 40 divide 2320?
True
Is 22 a factor of 1234?
False
Is 38 a multiple of 4?
False
Does 20 divide 30180?
True
Is 62 a factor of 1019?
False
Is 8194 a multiple of 91?
False
Is 148 a factor of 18255?
False
Does 10 divide 9864?
False
Is 18 a factor of 27908?
False
Is 80 a multiple of 8?
True
Is 1986 a multiple of 6?
True
Does 14 divide 7629?
False
Does 62 divide 749?
False
Is 12 a factor of 859?
False
Is 8565 a multiple of 39?
False
Is 949 a multiple of 13?
True
Does 53 divide 1160?
False
Does 23 divide 391?
True
Is 15 a factor of 297?
False
Does 106 divide 1484?
True
Is 59 a factor of 3649?
False
Does 79 divide 1559?
False
Does 32 divide 441?
False
Does 13 divide 377?
True
Does 65 divide 36270?
True
Is 25 a factor of 7225?
True
Does 20 divide 1478?
False
Is 7 a factor of 539?
True
Is 11 a factor of 1895?
False
Is 57762 a multiple of 251?
False
Does 8 divide 10822?
False
Is 82 a factor of 1441?
False
Is 126 a factor of 35387?
False
Is 12 a factor of 2136?
True
Is 64 a factor of 384?
True
Is 15 a factor of 120?
True
Is 16 a factor of 3359?
False
Does 12 divide 7416?
True
Is 75 a factor of 8341?
False
Does 101 divide 5132?
False
Is 7 a factor of 30921?
False
Is 9156 a multiple of 7?
True
Does 33 divide 2160?
False
Is 47 a factor of 390?
False
Is 20 a factor of 400?
True
Is 25419 a multiple of 74?
False
Does 47 divide 736?
False
Does 96 divide 4320?
True
Is 67 a factor of 11505?
False
Doe